{"id":15,"date":"2009-08-23T23:48:16","date_gmt":"2009-08-23T22:48:16","guid":{"rendered":"http:\/\/landjugend-gnodstadt.de\/wordpress\/?page_id=15"},"modified":"2016-05-21T12:26:26","modified_gmt":"2016-05-21T11:26:26","slug":"jugendraum","status":"publish","type":"page","link":"https:\/\/landjugend-gnodstadt.de\/wordpress\/?page_id=15","title":{"rendered":"Jugendraum"},"content":{"rendered":"<p><big><big><a title=\"Untitled von ljgnodstadt bei Flickr\" href=\"http:\/\/www.flickr.com\/photos\/ljgnodstadt\/7319262136\/\"><img loading=\"lazy\" decoding=\"async\" class=\"alignright\" src=\"http:\/\/farm8.staticflickr.com\/7073\/7319262136_7a808d7184.jpg\" alt=\"Untitled\" width=\"167\" height=\"125\" \/><\/a>Unser Jugendraum befindet sich im Rathaus der Gemeinde Gnodstadt. Fr\u00fcher hatte in diesen R\u00e4umen die Freiwillige Feuerwehr Gnodstadt einen L\u00f6schwagen untergebracht. Nachdem 1991 das Rathaus renoviert wurde und die Feuerwehr mittlerweile ein Feuerwehrhaus hatte, wurde beschlossen, die frei werdenden R\u00e4ume der Jugend zur Verf\u00fcgung zu stellen.<\/big><\/big><br \/>\n<a title=\"Untitled von ljgnodstadt bei Flickr\" href=\"http:\/\/www.flickr.com\/photos\/ljgnodstadt\/7319264546\/\"><img loading=\"lazy\" decoding=\"async\" class=\"alignright\" src=\"http:\/\/farm8.staticflickr.com\/7222\/7319264546_2c8e3dda7b.jpg\" alt=\"Untitled\" width=\"167\" height=\"125\" \/><\/a><br \/>\n<big><big>Die Einrichtung dieser R\u00e4ume konnte die Landjugend weitgehend selbst gestalten. So entstand nach vielen Arbeitsstunden zahlreicher freiwilliger Helfer und einiger Gnodstadter Unternehmen ein super eingerichteter Jugendraum.<\/big><\/big><\/p>\n<p><big><big> <\/big><\/big><\/p>\n<p><big><big><\/big><\/big><\/p>\n<p><big><big>Als man nach einigen Jahren feststellte<a title=\"Untitled von ljgnodstadt bei Flickr\" href=\"http:\/\/www.flickr.com\/photos\/ljgnodstadt\/7319259802\/\"><img loading=\"lazy\" decoding=\"async\" class=\"alignright\" src=\"http:\/\/farm8.staticflickr.com\/7086\/7319259802_6c9ee353fc.jpg\" alt=\"Untitled\" width=\"167\" height=\"125\" \/><\/a>, da\u00df der Jugendraum f\u00fcr die vielen Mitglieder (damals 112) zu klein wurde, konnte man die Stadt \u00fcberreden, einen weiteren Raum, der mittlerweile keinerlei Nutzung mehr hatte, zum bisherigen Jugendraum dazuzunehmen. Dieser wurde wiederum in Eigenleistung zum Jugendraum umfunktioniert.<br \/>\n<\/big><\/big><\/p>\n<p><span style=\"text-decoration: underline;\">Und so sah der Jugendraum fr\u00fcher aus:<\/span><\/p>\n<table border=\"0\">\n<tbody>\n<tr>\n<td><img loading=\"lazy\" decoding=\"async\" class=\"alignleft\" title=\"Jugendraum\" src=\"http:\/\/landjugend-gnodstadt.de\/wordpress\/bilder\/jura1.jpg\" alt=\"\" width=\"180\" height=\"125\" \/><\/td>\n<td><img loading=\"lazy\" decoding=\"async\" class=\"alignright\" title=\"jura\" src=\"http:\/\/landjugend-gnodstadt.de\/wordpress\/bilder\/jura2.jpg\" alt=\"\" width=\"180\" height=\"125\" \/><\/td>\n<td><img loading=\"lazy\" decoding=\"async\" class=\"alignleft\" title=\"jura\" src=\"http:\/\/landjugend-gnodstadt.de\/wordpress\/bilder\/jura3.jpg\" alt=\"\" width=\"180\" height=\"125\" \/><\/td>\n<\/tr>\n<\/tbody>\n<\/table>\n","protected":false},"excerpt":{"rendered":"<p>Unser Jugendraum befindet sich im Rathaus der Gemeinde Gnodstadt. Fr\u00fcher hatte in diesen R\u00e4umen die Freiwillige Feuerwehr Gnodstadt einen L\u00f6schwagen untergebracht. Nachdem 1991 das Rathaus renoviert wurde und die Feuerwehr mittlerweile ein Feuerwehrhaus hatte, wurde beschlossen, die frei werdenden R\u00e4ume der Jugend zur Verf\u00fcgung zu stellen. Die Einrichtung dieser R\u00e4ume konnte die Landjugend weitgehend selbst [&#8230;]<\/p>\n","protected":false},"author":1,"featured_media":0,"parent":0,"menu_order":3,"comment_status":"closed","ping_status":"closed","template":"","meta":{"footnotes":""},"class_list":["post-15","page","type-page","status-publish","hentry"],"_links":{"self":[{"href":"https:\/\/landjugend-gnodstadt.de\/wordpress\/index.php?rest_route=\/wp\/v2\/pages\/15","targetHints":{"allow":["GET"]}}],"collection":[{"href":"https:\/\/landjugend-gnodstadt.de\/wordpress\/index.php?rest_route=\/wp\/v2\/pages"}],"about":[{"href":"https:\/\/landjugend-gnodstadt.de\/wordpress\/index.php?rest_route=\/wp\/v2\/types\/page"}],"author":[{"embeddable":true,"href":"https:\/\/landjugend-gnodstadt.de\/wordpress\/index.php?rest_route=\/wp\/v2\/users\/1"}],"replies":[{"embeddable":true,"href":"https:\/\/landjugend-gnodstadt.de\/wordpress\/index.php?rest_route=%2Fwp%2Fv2%2Fcomments&post=15"}],"version-history":[{"count":9,"href":"https:\/\/landjugend-gnodstadt.de\/wordpress\/index.php?rest_route=\/wp\/v2\/pages\/15\/revisions"}],"predecessor-version":[{"id":706,"href":"https:\/\/landjugend-gnodstadt.de\/wordpress\/index.php?rest_route=\/wp\/v2\/pages\/15\/revisions\/706"}],"wp:attachment":[{"href":"https:\/\/landjugend-gnodstadt.de\/wordpress\/index.php?rest_route=%2Fwp%2Fv2%2Fmedia&parent=15"}],"curies":[{"name":"wp","href":"https:\/\/api.w.org\/{rel}","templated":true}]}}