{"id":1143,"date":"2022-08-02T16:54:09","date_gmt":"2022-08-02T15:54:09","guid":{"rendered":"http:\/\/landjugend-gnodstadt.de\/wordpress\/?page_id=1143"},"modified":"2023-10-03T12:45:02","modified_gmt":"2023-10-03T11:45:02","slug":"verleih","status":"publish","type":"page","link":"https:\/\/landjugend-gnodstadt.de\/wordpress\/?page_id=1143","title":{"rendered":"Verleih"},"content":{"rendered":"\n<p>Liebe Mitglieder, Liebe Ortsfreunde,<\/p>\n\n\n\n<p>wie bekannt haben wir ein bisschen was an Inventar f\u00fcr Feten, dass gerne geliehen werden darf \ud83d\ude42<\/p>\n\n\n\n<p>Damit es ab jetzt keine Irritationen mehr gibt nun hier endlich mal die Liste:<\/p>\n\n\n\n<p>Generell gilt: Das sind Aufwandsentsch\u00e4digungen, wir sind kein Gewerblicher Verleih! Sobald ein Mitglied f\u00fcr ein Fest ausleiht, das mit unserem Inventar Umsatz erwirtschaftet, ist der Gewerbe Preis zu zahlen!<\/p>\n\n\n\n<figure class=\"wp-block-table\"><table><tbody><tr><td>Beschreibung<\/td><td>Anzahl <\/td><td>Kosten pro St\u00fcck f\u00fcr Mitglied<\/td><td>Kosten Gewerbe \/ Verein \/ Nicht Mitglied<\/td><\/tr><tr><td>Zelt 4&#215;10 Meter<\/td><td>1<\/td><td>gratis<\/td><td>15 \u20ac<\/td><\/tr><tr><td>Zelt 4&#215;8 Meter<\/td><td>2<\/td><td>gratis<\/td><td>15 \u20ac<\/td><\/tr><tr><td>Zelt 4&#215;6 Meter<\/td><td>1<\/td><td>gratis<\/td><td>15 \u20ac<\/td><\/tr><tr><td>Stehtische<\/td><td>5<\/td><td>gratis<\/td><td>3 \u20ac a Tisch<\/td><\/tr><tr><td><\/td><td><\/td><td><\/td><td><\/td><\/tr><tr><td>Becher wei\u00df, 0,4l<\/td><td>1500<\/td><td>gratis, 3\u20ac pro verlorenen Becher<\/td><td>10 \u20ac pro 100 Becher, 3 \u20ac je verlorenen<\/td><\/tr><tr><td>Becher bunt, 0,4l<\/td><td>200<\/td><td>gratis, ab 5 Becher Verlust je 2 \u20ac<\/td><td>5 \u20ac pro 100 Becher, 2 \u20ac je verlorenen<\/td><\/tr><tr><td>Becher 0,2 l<\/td><td>500<\/td><td>gratis, ab 5 Becher Verlust je 2 \u20ac<\/td><td>5 \u20ac pro 100 Becher, 2 \u20ac je verlorenen<\/td><\/tr><tr><td>Sektfl\u00f6ten<\/td><td>80<\/td><td>gratis, 3 \u20ac pro verlorenem Glas<\/td><td>20 \u20ac, 3 \u20ac pro verlorenem Glas<\/td><\/tr><tr><td>Empire Gl\u00e4ser 0,2 l<\/td><td>50<\/td><td>gratis<\/td><td>10 \u20ac, 3 \u20ac pro verlorenem Glas<\/td><\/tr><tr><td>Musikanlage<\/td><td>1<\/td><td>gratis<\/td><td>15 \u20ac<\/td><\/tr><tr><td><\/td><td><\/td><td><\/td><td><\/td><\/tr><tr><td>LED Strip IP48<\/td><td>4<\/td><td>gratis<\/td><td>5 \u20ac<\/td><\/tr><tr><td>LED Strip<\/td><td>10<\/td><td>gratis<\/td><td>5 \u20ac<\/td><\/tr><tr><td>LED Kugeln<\/td><td>2<\/td><td>gratis<\/td><td>5 \u20ac<\/td><\/tr><tr><td>Schwarzlichtstrahler 100W<\/td><td>10<\/td><td>gratis<\/td><td>5 \u20ac<\/td><\/tr><tr><td><\/td><td><\/td><td><\/td><td><\/td><\/tr><tr><td>Zelt Boden<\/td><td>600 qm<\/td><td>Absprache<\/td><td>Absprache<\/td><\/tr><\/tbody><\/table><\/figure>\n\n\n\n<p>Generell gilt auch: Das ist kein Angebot! Im Einzelfall kann entschieden werden ob wir verleihen wollen \/ k\u00f6nnen. Die Gegenst\u00e4nde sind Sorgsam zu behandeln. Sch\u00e4den, Aufwand etc. werden mit Aufschlag verrechnet!<\/p>\n\n\n\n<p><\/p>\n\n\n\n<p><\/p>\n","protected":false},"excerpt":{"rendered":"<p>Liebe Mitglieder, Liebe Ortsfreunde, wie bekannt haben wir ein bisschen was an Inventar f\u00fcr Feten, dass gerne geliehen werden darf \ud83d\ude42 Damit es ab jetzt keine Irritationen mehr gibt nun hier endlich mal die Liste: Generell gilt: Das sind Aufwandsentsch\u00e4digungen, wir sind kein Gewerblicher Verleih! Sobald ein Mitglied f\u00fcr ein Fest ausleiht, das mit unserem [&#8230;]<\/p>\n","protected":false},"author":1,"featured_media":0,"parent":0,"menu_order":0,"comment_status":"closed","ping_status":"closed","template":"","meta":{"footnotes":""},"class_list":["post-1143","page","type-page","status-publish","hentry"],"_links":{"self":[{"href":"https:\/\/landjugend-gnodstadt.de\/wordpress\/index.php?rest_route=\/wp\/v2\/pages\/1143","targetHints":{"allow":["GET"]}}],"collection":[{"href":"https:\/\/landjugend-gnodstadt.de\/wordpress\/index.php?rest_route=\/wp\/v2\/pages"}],"about":[{"href":"https:\/\/landjugend-gnodstadt.de\/wordpress\/index.php?rest_route=\/wp\/v2\/types\/page"}],"author":[{"embeddable":true,"href":"https:\/\/landjugend-gnodstadt.de\/wordpress\/index.php?rest_route=\/wp\/v2\/users\/1"}],"replies":[{"embeddable":true,"href":"https:\/\/landjugend-gnodstadt.de\/wordpress\/index.php?rest_route=%2Fwp%2Fv2%2Fcomments&post=1143"}],"version-history":[{"count":7,"href":"https:\/\/landjugend-gnodstadt.de\/wordpress\/index.php?rest_route=\/wp\/v2\/pages\/1143\/revisions"}],"predecessor-version":[{"id":1223,"href":"https:\/\/landjugend-gnodstadt.de\/wordpress\/index.php?rest_route=\/wp\/v2\/pages\/1143\/revisions\/1223"}],"wp:attachment":[{"href":"https:\/\/landjugend-gnodstadt.de\/wordpress\/index.php?rest_route=%2Fwp%2Fv2%2Fmedia&parent=1143"}],"curies":[{"name":"wp","href":"https:\/\/api.w.org\/{rel}","templated":true}]}}